)/12 + 0). Calculate the highest common divisor of v and 34.
2
Let y(t) = -2*t**3 + 3*t**2 + 11*t + 23. Let s be y(-3). Calculate the highest common factor of 284 and s.
71
Let u(l) = -10*l + 55. Let o be u(14). Let j = -65 - o. What is the highest common factor of j and 5?
5
Suppose 4 = -0*a + 3*a - 4*w, 8 = 3*a - 2*w. Let b be 0 - (1728/a)/(-4). Calculate the greatest common factor of b and 27.
27
Let g = -268 - -340. What is the highest common factor of 9 and g?
9
Suppose 0 = -16*a + 51*a - 10640. What is the highest common factor of a and 48?
16
Suppose -53*o = -7*o - 48576. Calculate the highest common divisor of 96 and o.
96
Suppose 4*t - 47 = u + 10, -70 = -5*t + u. What is the highest common factor of 117 and t?
13
Suppose -10*g + 8*g + 5*w + 76 = 0, w = 0. What is the highest common divisor of g and 551?
19
Suppose 5*y = 5*b + 140, -5*y - 3*b - 58 = -7*y. Let v(f) = 7*f**3 + 2*f**2 + f - 2. Let l be v(3). Calculate the highest common divisor of l and y.
26
Suppose -5*o - 25 = -o + 5*j, -5*j - 5 = 0. Let b = 31 + o. Calculate the greatest common factor of b and 78.
26
Let r(w) = 2*w**2 + 30*w + 8. Let c be r(-15). Calculate the highest common factor of c and 44.
4
Suppose -4 = -4*n + 8. Let x be 2 + ((-2)/8 - (-6)/24). Suppose -2*j - 230 = -3*r, -r = -n*j - x - 63. What is the highest common divisor of 32 and r?
16
Let t be (-30)/(-9) + 2/3. Suppose -p = -5*m + 3*m + 4, -4*p + 14 = 2*m. Suppose 2*v = p*q + 72, 2*q = 6*q + t. What is the highest common divisor of 7 and v?
7
Let k be 1/2*64/(-4). Let g be (2 - k/(-4)) + 2. Calculate the highest common divisor of g and 8.
2
Let u = -20 + 26. Let j(h) = 3*h**2 - 6*h - 9. Let n be j(u). Calculate the highest common divisor of 42 and n.
21
Let s(c) be the second derivative of -c**5/20 + c**4/2 + c**2 - 9*c. Let f be s(3). What is the greatest common divisor of f and 203?
29
Let h(i) = 4*i**2 + 44*i + 9. Let a be h(-16). Calculate the highest common factor of 47 and a.
47
Let w be (-6)/8 - 195/(-20). Suppose 0 = -w*g - 5 + 113. What is the highest common divisor of 192 and g?
12
Suppose 2*n + 5*r = 598, 3 + 3 = -3*r. Calculate the greatest common divisor of n and 16.
16
Suppose 47*n - 37*n - 2300 = 0. What is the highest common factor of 23 and n?
23
Let w = 60 - 36. Let m = 64 - w. Let t = 106 - m. Calculate the highest common divisor of 6 and t.
6
Suppose 2*s - 8 = o, 3*s - 3*o + 8 = 5*s. Let u be 5 - (s - (18 - 1)). What is the highest common factor of u and 12?
6
Let c = 2592 + -1258. What is the greatest common divisor of 46 and c?
46
Let m = 3000 - 1576. What is the greatest common factor of 16 and m?
16
Let u = -91 - -388. What is the greatest common divisor of 44 and u?
11
Let b(z) = z**3 + 9*z**2 - 11*z - 2. Suppose 2*o + 16 = x, -5*o - 6*x = -3*x + 62. Let d be b(o). What is the greatest common factor of d and 88?
8
Let d(g) = g**3 + 6*g**2 + 6*g + 7. Let s be d(-5). Let n be 56*s/2 + 0. Suppose 4 = -w + 11. Calculate the greatest common factor of w and n.
7
Suppose -52*g = -51*g - 2*r - 403, -3*g = 3*r - 1191. What is the greatest common factor of g and 285?
57
Let q = -6986 - -7133. Suppose -196 = -0*b - 4*b. What is the highest common divisor of q and b?
49
Let s(x) = 78*x - 370. Let h be s(6). What is the highest common divisor of 6 and h?
2
Let b be (10/8)/(2/8). Let o be (-6 + b)/((-1)/12). Suppose x - 51 = 3*q, -3*x + 2*q - 14 + 188 = 0. Calculate the greatest common factor of x and o.
12
Let g(b) = b**3 - 27*b**2 + 28*b - 16. Let k be g(26). What is the highest common factor of 52 and k?
4
Let j be (3/(-2))/(12/(-32)). Suppose 0*h - 5*q = j*h - 249, -210 = -3*h + 4*q. Suppose -3*g = -16 - 2. What is the greatest common divisor of h and g?
6
Let z(m) = -10*m**2 + 14*m - 17. Let o be z(4). Let b = -21 - o. What is the greatest common factor of 50 and b?
50
Suppose -396 = 11*l - 14*l. Suppose 2*o - l = -4*o. What is the greatest common factor of 22 and o?
22
Let d be (-4)/22 + 7/(385/(-7745)). Let f = d - -181. Calculate the highest common divisor of 5 and f.
5
Let p(n) = -n - 3. Let y be p(6). Let m(h) = 2*h**2 + 14*h + 9. Let u be m(y). Calculate the greatest common factor of 18 and u.
9
Let c = -10 - -35. Let p = 60 - c. What is the greatest common divisor of 7 and p?
7
Let j be 32/144 + (-1870)/(-9). What is the greatest common factor of j and 572?
52
Let y = 801 + -281. Calculate the greatest common divisor of y and 130.
130
Let i(v) = -v - 1. Let j be i(-6). Let s = 31 + -26. Suppose 0 = w - 0 - s. Calculate the greatest common divisor of j and w.
5
Let c be 7304/48 - (-1)/(-6). Suppose -2*z + c = 5*s, -s - 338 = -5*z - 3*s. Suppose -11 = 5*q - 41. What is the highest common factor of q and z?
6
Let b(y) = y**2 + 24*y + 33. Let w be b(-21). Let f = -25 - w. Let g(o) = o**3 - o**2 + 2*o - 3. Let l be g(2). Calculate the greatest common factor of l and f.
5
Let z = -1378 - -1882. What is the highest common factor of z and 315?
63
Suppose -36*k + 219 + 249 = 0. Calculate the greatest common divisor of 117 and k.
13
Suppose -31 + 131 = 2*f - 4*y, 4*y - 150 = -3*f. Suppose 23 = r + 5*v, -2*r + f + 20 = 2*v. Let z = -6 - -25. What is the highest common divisor of r and z?
19
Suppose 3*s - 2*s = 5. Suppose s*j = 2*j + 432. Calculate the greatest common divisor of 36 and j.
36
Let a = -160 + 238. Suppose 71*s = 74*s - a. Let t = 55 - 16. Calculate the highest common factor of s and t.
13
Let h be (-4)/9 - (-360864)/567. What is the highest common divisor of h and 36?
12
Let c be (-285)/(-25) - 4/10. Suppose 67*f = 61*f + 528. Calculate the greatest common divisor of c and f.
11
Suppose 4*y - 866 - 415 = 3*o, 4*y + 4*o = 1288. Suppose -2*i + 153 = -5*s, 0*i - y = -4*i + 5*s. What is the greatest common divisor of 12 and i?
12
Let f(o) = o**2 - 3*o + 6. Let k(r) = -r. Let s be k(-6). Let g be f(s). Suppose -3*h = 3*v - 12, h + h = -4. What is the greatest common divisor of v and g?
6
Let u be 1*-6 + 312/8. Suppose -51 = -4*i - 7. Calculate the greatest common divisor of i and u.
11
Suppose 3*j = 3*l + 9 - 3, 3*l = 5*j - 14. Suppose -6*b + 3 = -15. Calculate the highest common factor of l and b.
1
Let o = -274 + 276. What is the greatest common factor of 2 and o?
2
Let d(n) = -n**3 - 6*n**2 - n - 20. Let q be d(-8). What is the highest common divisor of q and 870?
58
Suppose 3*q - 12 = 2*k - 66, -4*k + 94 = q. Suppose 11*i - 129 - 47 = 0. Calculate the greatest common divisor of k and i.
8
Let f be 30/(-4)*(-6)/5. Let b = f - -24. What is the greatest common divisor of b and 231?
33
Let q(w) = -w + 1. Let s be q(4). Let h be (3 - 6) + s/1. Let o = h + 12. Calculate the highest common factor of o and 12.
6
Suppose 6*t = t + 65. Suppose 2*h = -29*h + 4433. Calculate the highest common factor of t and h.
13
Let a = 19 - -27. Calculate the greatest common factor of 943 and a.
23
Let v = -776 - -838. Calculate the highest common factor of v and 434.
62
Let u(k) = 2 - 4*k - 1 - 2. Let a be u(-4). Let g be (4/10)/((-38)/(-285)). Calculate the highest common factor of g and a.
3
Suppose 0 = 5*n - 0*f + 4*f - 105, 0 = 2*f. Let m = n - 29. Let z be ((-8)/(-5))/(m/(-20)). Calculate the greatest common factor of z and 20.
4
Suppose 3*q - 2*g - 3*g = 12, -2*q + 5*g + 13 = 0. Let j = 3 - q. Suppose 4*u = 4*h, j*h + 5*u - 2*u = 14. Calculate the greatest common divisor of 22 and h.
2
Suppose 0 = 4*o + 4 - 12. Suppose 4*a - 4 = o*a. Calculate the greatest common divisor of 14 and a.
2
Let f = 1042 - 992. What is the highest common divisor of f and 18?
2
Let n(v) = -v**2 + 18*v + 20. Let b be n(17). What is the greatest common factor of b and 999?
37
Suppose 0 = -10*d + 1544 + 616. Calculate the highest common factor of d and 576.
72
Let j be (-205)/10*(1 - 3). Calculate the highest common factor of 82 and j.
41
Suppose 5*m = -5*v + 195, 0 = -15*v + 19*v + 20. What is the highest common factor of 198 and m?
22
Let s be ((-43 + 1)/(-7))/((-4)/(-6)). Suppose 0*g = -4*g + t + 24, -3*t - s = -3*g. What is the highest common factor of 14 and g?
7
Suppose -20*s + 34*s = 8624. Calculate the greatest common factor of s and 440.
88
Let b = 2 + 2. Suppose 0*d - 460 = -b*d + 5*v, -2*d = 2*v - 248. Let o(c) = 3*c - 3. Let i be o(6). Calculate the highest common factor of i and d.
15
Let k be 7/(-294)*-7 + 